*k, -4*k = -4*f + l. What are the prime factors of f?
2, 7
Let s = -13680 - -29970. Suppose -88*a - s = -106*a. List the prime factors of a.
5, 181
Let l = 15 + -12. Let d be (5 + 7)/(l/264). Suppose 0 = 13*s - s - d. What are the prime factors of s?
2, 11
Suppose -2*r - 2*l - 399 + 73 = 0, -457 = 3*r - 5*l. Let h be ((-14)/(-21))/(2/r). Let t = 56 + h. What are the prime factors of t?
3
Suppose 39 = 4*k + 39. Suppose -5*v + 339 + 96 = k. Let c = v + 32. List the prime factors of c.
7, 17
Let j(i) = i**3 + 10*i**2 - 3*i + 80. List the prime factors of j(-7).
2, 31
Let k = -140 + 35. List the prime factors of (1/(6/k) - -2)*-22.
11, 31
Let s(i) = 5*i**2 + 3*i + 13. Let k be s(-7). Let r be (112/(-84))/((-1)/k). Suppose 50*y = 52*y - r. List the prime factors of y.
2, 79
Let k = 53 - 49. What are the prime factors of (((-2)/k)/(-1))/((-13)/(-4966))?
191
Let r(i) = -117*i**2 - 2*i + 15. Let p be r(3). Let k = -549 - p. List the prime factors of k.
3, 5, 11
Let t(p) = 23*p**2 - 107*p - 3 + 112*p - 2. What are the prime factors of t(2)?
97
Suppose 0 = -4*k - 16, -3*b + 17783 = -38*k + 39*k. Suppose 7*l + b = 14*l. List the prime factors of l.
7, 11
Suppose 0 = 38*v - 583 - 481. Suppose 0 = -0*a + a - 5. Suppose -a*p + 422 = -v. List the prime factors of p.
2, 3, 5
What are the prime factors of -1 - 108818/(-42) - 110/(-1155)?
2, 5, 7, 37
Let s be 1/(-1)*(-75 - 2 - 2). Suppose -207 = -5*j + 4*m + 206, j + m - s = 0. Suppose -4*x = -x - j. List the prime factors of x.
3
Suppose 2*c = -2*o + 149176, 4*c + 130418 - 428777 = 3*o. List the prime factors of c.
3, 23, 47
Let h(n) = -n**3 - 9*n**2 + 29*n. Let i be h(-12). Let u = i - 69. What are the prime factors of u?
3, 5
Let h = 608 - 603. Suppose 1665 = h*n - 2*a + 7*a, 3*a + 333 = n. What are the prime factors of n?
3, 37
Suppose -14*x + 4586 = -3156. Let r = -292 + x. What are the prime factors of r?
3, 29
Let l(s) = 13*s**2 - 47*s + 350. List the prime factors of l(16).
2, 7, 11, 19
Let g(u) = 43*u + 14. Let n be g(6). Let y = n - 109. What are the prime factors of y?
163
Let b(a) = 8*a**2 + 3*a - 2. Let s be b(1). Suppose -3*k - 24 = -s*k. Suppose 4*o = 5*g + 599, 2*o - 5*g - 307 = -k*g. List the prime factors of o.
2, 3, 13
Let y be (-7 + 5)/(3/99). Suppose 5*b = -187 - 13. Let a = b - y. List the prime factors of a.
2, 13
What are the prime factors of (-9 - 9) + 13 + (7568 - 0)?
3, 2521
Suppose 0 = 1438*n - 1435*n - 31143. What are the prime factors of n?
7, 1483
Let u be 2 + 2/6 + 170/30. Suppose -u*t + 808 = 120. List the prime factors of t.
2, 43
Suppose -44*n = -15491 - 327753. List the prime factors of n.
29, 269
Let j = -69 - -8. Suppose 176 = 4*h - 8*h. Let m = h - j. List the prime factors of m.
17
Suppose -130*i + 2085318 - 878070 = -2260632. List the prime factors of i.
2, 3, 13, 19
Let y = -2 + 1. Let a(r) = -389*r - 1. Let m be a(y). Suppose -5*z - 4*d + 394 = 0, 2*z - 2*d = -3*z + m. List the prime factors of z.
2, 3, 13
Let f = -12025 + 21245. List the prime factors of f.
2, 5, 461
Suppose 80 = 4*x + x. Let i be -5*x*-2 + 2. Suppose 2*g = 3*n + i, 314 = 4*g - n - 0*n. List the prime factors of g.
2, 3, 13
Suppose 0 = 2*q + 4*y - 37998, q + 40*y = 42*y + 18971. What are the prime factors of q?
5, 3797
Let a = 643 + 47445. What are the prime factors of a?
2, 6011
Suppose -5 - 58 = -9*w. Suppose w*x - 1047 = 2*x + c, 3*x - 621 = -3*c. Suppose -3*d + 93 = 5*h - x, 4*h - 96 = -d. What are the prime factors of d?
2, 13
Let b(g) = g - 102. Let s(l) = 2*l - 103. Let x(r) = -4*b(r) + 3*s(r). What are the prime factors of x(-16)?
67
Let i = 14463 - -17015. What are the prime factors of i?
2, 15739
Suppose 9*y - 100 = 62. Suppose 3*a - 18 = 3*t, -y = -3*a + 2*a - 3*t. Suppose -a*l + 18 = -7*l. List the prime factors of l.
3
Suppose 5*p = 2*h + 8, -2*p + p + 8 = -2*h. Suppose -3*n = -5*v - 59, 5*v - 3 + 8 = p. Let k = 22 - n. What are the prime factors of k?
2
Let u(p) = -p**2 + 7*p + 71. Let g be u(13). List the prime factors of -3 + (-1686)/g + (-1)/(-7).
2, 7, 17
Suppose -22*k + 35596 + 2596 = 0. Suppose o + 48 = -4*d + 650, 0 = -3*o + 2*d + k. List the prime factors of o.
2, 3, 97
List the prime factors of (-49357)/63*-57 + 10/15.
44657
Suppose 58*w + 13456 = 115478. List the prime factors of w.
1759
Let l(y) be the third derivative of y**6/40 - y**5/15 + 2*y**4/3 + 5*y**3/3 + 35*y**2. List the prime factors of l(6).
2, 5, 61
Let t(v) = 10*v**2 - 13*v + 6. Let z be t(-6). Let g = z + -290. Let w = g + -105. What are the prime factors of w?
7
Suppose -313007 = -101*m - 162925 + 299974. List the prime factors of m.
2, 557
Let l be 561/(-5) + 1/5. Let g = -398 - l. Let b = -162 - g. What are the prime factors of b?
2, 31
Let w(u) = -u**3 + 27*u**2 - 20*u - 1. Suppose 5*y = -2*x + 129, -5*y + x = -69 - 54. List the prime factors of w(y).
7, 107
Suppose 5*v - 9331 = 5*u - 8*u, -4*u - 7484 = -4*v. Suppose 3*f - 781 = v. List the prime factors of f.
883
Suppose -56*w + 3067532 + 687996 = 0. What are the prime factors of w?
199, 337
Let f(k) = 2546*k**2 + 102*k - 319. What are the prime factors of f(3)?
22901
Let t(r) = r**3 - 1. Let n(o) = -4*o**2 + 3 - 8*o + 9*o - 13 + o**3. Let h(i) = n(i) - 3*t(i). What are the prime factors of h(-4)?
53
Let c = -79200 + 118583. What are the prime factors of c?
39383
Let w(n) = -n + 2. Let q(g) = 28*g + 114. Let r(t) = -q(t) - 6*w(t). List the prime factors of r(-24).
2, 3, 67
Let m be (-149 - -154) + (254 - (0 + 0)). Suppose -5*r + 207 = 3*g, -4*g = 5*r - 4*r - m. What are the prime factors of g?
2
Suppose -883*a + 873*a + 286600 = 0. List the prime factors of a.
2, 5, 1433
Let x(k) = 31*k**2 - 28*k + 9. List the prime factors of x(16).
3, 7, 17
Let l = -8702 - -16624. What are the prime factors of l?
2, 17, 233
Suppose -23*o - 108 = -41*o. List the prime factors of 994*((-88)/16 + o).
7, 71
Let y be (1 - 0) + (2 - -2). Suppose 0 = p + 4*o - 550, 4*p = y*o + 292 + 1929. List the prime factors of p.
2, 277
Suppose -k + u + 2044 = 2*k, 0 = -4*k - u + 2716. Suppose -36*a + 4360 = -k. List the prime factors of a.
2, 5, 7
Suppose -3*h + 3*f + 7 = -7*h, -5*f = h + 23. Suppose -4*v - 3*k + 164 = 0, -4*v + 168 = 2*k + h*k. What are the prime factors of v?
2, 19
Let k(y) = y**3 - 8*y**2 + 6*y + 8. Let g be k(7). Let s = -376 - -378. List the prime factors of s + (1 - g) + 50.
2, 13
Let h = -42 - -46. Let k(x) = 34*x**3 + x**2 - 8*x - 6. Let z be k(h). What are the prime factors of (-1)/(-6) - z/(-36)?
2, 3, 5
Let x(j) = 31*j**2 - 94*j + 992. What are the prime factors of x(23)?
97, 157
Let j(g) = -g**3 - 8*g**2 + 3*g + 38. Let o be j(-12). Suppose 224*v + o = 226*v. List the prime factors of v.
17
Let f = 12416 + -7589. List the prime factors of f.
3, 1609
Let v(d) = -8*d**3 - 3*d**2 - 2*d - 8. Let i = -128 - -125. List the prime factors of v(i).
11, 17
Suppose 0 = 2*p + c - 2*c + 1, 4*c = -4*p + 28. Suppose -624 = -10*w + p*w. What are the prime factors of w?
2, 3, 13
Let q = -122244 - -174209. What are the prime factors of q?
5, 19, 547
What are the prime factors of (-5)/((-10)/(-8)) - (-5765 + 20)?
5741
Let b be 4/(6/(-3) - -4). Suppose 3 = -b*d + 13. Suppose d*s = 312 + 68. What are the prime factors of s?
2, 19
Let x(v) = v. Let r(d) = -10*d + 13. Let g(p) = r(p) + 6*x(p). Let l be g(-9). Suppose 0 = -c + 103 + l. What are the prime factors of c?
2, 19
Let d(s) = -88*s**2 - 50*s + 194. Let t(a) = -18*a**2 - 10*a + 39. Let f(k) = -3*d(k) + 14*t(k). What are the prime factors of f(4)?
2, 7
Suppose 5*v - 66 = 4*o, 2*v = 4*o - 7*o + 31. Suppose -1310 = 4*n - v*n. List the prime factors of n.
131
Suppose -3*h = i - 17362, -12*i + 14*i = -4. List the prime factors of h.
2, 1447
Suppose 123*z - 132*z + 855 = 0. Suppose 2*j - 136 = -2*j. Let i = z - j. List the prime factors of i.
61
Let l be (-36)/(-1) + 1 - (2 - -1). Suppose l = w - 107. Suppose -2*c + 91 + w = 0. List the prime factors of c.
2, 29
Suppose -26*g + 164765 = 171*g - 637616. What are the prime factors of g?
4073
Let p(q) be the third derivative of -q**4/4 + 5*q**3 - 10*q**2. Let t be p(5). Suppose -6*g + 9*g - 282 = t. What are the prime factors of g?
2, 47
Let r be 374/8 + (-3)/(-12). Let i = -43 + r. Suppose 4*g = -3*f + 624, -i*g = -11*f + 7*f - 596. List the prime factors of g.
3, 17
Suppose 724 =